it of n?
3
Let r be 2/(-10) - (-44)/20. Suppose 4*k = -4*p, r*k + 14 = 3*p - 2*k. What is the units digit of p?
2
Let y(w) = 2*w + 18. What is the tens digit of y(0)?
1
Suppose q - 59 = -5*c - q, -4*q = -5*c + 77. What is the units digit of c?
3
Let m(s) = s + 4. What is the units digit of m(3)?
7
Suppose 6*k - 257 = 355. What is the hundreds digit of k?
1
Let a(i) = -5*i - 7. Let m be 136/(-22) + 4/22. What is the units digit of a(m)?
3
Let c = 0 - -2. Suppose c*v = 0, 0*j + 5*v - 2 = -j. What is the units digit of j?
2
Suppose -6*m = -3*m - 9. Let l = 11 - m. What is the units digit of l?
8
Suppose 4*x + 2*v - 4 = v, 4*v = -x - 14. What is the units digit of 6*(x - 4/(-8))?
5
Suppose -k = -5*k + 36. What is the units digit of k?
9
Let b(a) = -a**2 + 5*a - 2. Let i be b(4). Suppose 0 = -0*h + i*h - 10. Suppose -h - 39 = -4*c. What is the units digit of c?
1
Let m = 15 + -8. Let b = m - 0. What is the units digit of b?
7
What is the units digit of (3 + (-6)/(-4))*6?
7
Let h = 26 + -24. Suppose q = -3*o + 103, -h*o + 2*q + 41 + 33 = 0. What is the units digit of o?
5
Suppose -2*s = 0, -3*s = c - 0*s - 54. What is the tens digit of c?
5
Let h(k) be the first derivative of k**4/4 + 4*k**3 - k**2/2 - 6*k - 13. Let n = -32 - -20. What is the units digit of h(n)?
6
Let m = -14 + 8. Let b = m + 2. Let k = 13 + b. What is the units digit of k?
9
What is the tens digit of 1*(-2 + 3) + 15?
1
Let x(j) be the first derivative of 3 + 1/2*j**2 - 2*j**3 + j + 1/4*j**4. What is the units digit of x(6)?
7
Let i(q) = 6*q - 7. What is the units digit of i(6)?
9
Suppose 3*g = 5*g - 18. Let n be ((-16)/(-10))/(10/25). Suppose 0 = n*u + 1 - g. What is the units digit of u?
2
Let j = -184 - -352. What is the units digit of j?
8
Let r = 9 - 19. What is the units digit of -3*2/r*5?
3
Let y be 3/1 - 1 - 1. Let i be y/4 - (-11)/4. Suppose -3*v = h - 1 + 6, -i = -h - v. What is the units digit of h?
7
Suppose -4*q = 5*p + 34 - 275, 8 = 2*q. Let d = 6 - 3. Suppose -12 - p = -d*x. What is the tens digit of x?
1
Let s = 2 + -1. Let q = 1 - s. Suppose 0 = m - q*m - 4. What is the units digit of m?
4
Let p be -4*3*2/(-8). Suppose p = 2*n - 1. Suppose -n*m + 36 = 2*m. What is the units digit of m?
9
Let g(n) = n - 2 + 4 + 0*n. Suppose 0 = -3*l - 2*l. What is the units digit of g(l)?
2
Suppose 2*q = 3*q + 2*v + 34, 3*v + 38 = -q. Let j = -17 - q. What is the units digit of j?
9
Let h = 4 - -4. Let g(l) = -l**2 + 9*l + 3. Let o be g(h). Suppose 4*s = 4*k - 3*k - o, 3*k = -3*s + 3. What is the units digit of k?
3
Let w(b) = -b**3 - 7*b**2 + 2*b + 3. Let i be w(-7). What is the tens digit of ((-4)/(-4))/((-1)/i)?
1
Let h(j) = -9*j. Let i(d) = 10*d. Let r(u) = 7*h(u) + 6*i(u). What is the units digit of r(-3)?
9
Let z(s) = -s**3 + 3*s**2 + 5*s. Let l be z(4). Suppose 20 = 2*q + l*d + 6, -2*d - 35 = -5*q. What is the units digit of q?
7
Suppose -530 = -7*u + 2*u. What is the hundreds digit of u?
1
Suppose 5*n - 498 - 747 = 0. What is the hundreds digit of n?
2
Let s(a) = a**2 + 8*a - 10. Suppose -3*g - 35 = 2*f, -g + f = g + 14. Let x be s(g). What is the units digit of (2/1 - 7)*x?
5
Suppose -p + 3*q - 15 = 0, p + 4*q - 5 = 2*q. Let w be (27/p)/(1 + -2). Suppose g - 6 = -2*h, -w = -5*g + h + 65. What is the units digit of g?
4
Let l(m) = 5*m + 9. Let q(r) = -6*r - 9. Let b(k) = 7*l(k) + 6*q(k). What is the units digit of b(5)?
4
Let j(w) = -w**3 - 6*w**2 - 7*w - 6. Suppose -3*s + 2*p = 17, 4*s - 2*p + 27 - 5 = 0. What is the units digit of j(s)?
4
Let s(x) = 6 + 2*x + 1 - 1. Let o be s(6). Suppose -2*a + 0 = -o. What is the units digit of a?
9
Let h(k) = -k**3 - 5*k - 3. What is the units digit of h(-3)?
9
Let h(s) = s**2. Let d(g) = -g - 3. Let o be d(-5). Let c be h(o). Suppose 6*w = 3*w - 3*f + 39, 0 = -w - c*f + 13. What is the tens digit of w?
1
What is the hundreds digit of (-9414)/(-81) + (-2)/9?
1
Suppose 4*v = -3*j - 0*j + 18, 4*j - 2 = 2*v. Suppose 2*w + v*f - 2 = -0*w, -4*w = 5*f - 8. What is the units digit of w?
7
Let o(n) = -n**3 - 5*n**2 + 5. Let k be o(-5). Suppose 4*m - z = -0*z + 33, k*z = 15. What is the units digit of m?
9
Suppose -20*w = -5796 + 1656. What is the hundreds digit of w?
2
Suppose 7*a + 3*x - 23 = 2*a, 3*a = -2*x + 14. What is the units digit of (a/(-6))/((-6)/63)?
7
Let y = -2 - -3. Suppose 3*j = -3*c + y + 2, -2*c - 3*j + 1 = 0. Suppose 0 = 3*f - c*f - 8. What is the units digit of f?
8
Let b = 7 + -7. Suppose -5*m + 17 + 28 = b. What is the units digit of m?
9
Let z(q) = -q**3 - 9*q**2 - 10*q - 12. Let h be z(-8). Suppose 2*v - v + 71 = 3*b, h*v + 8 = 0. What is the tens digit of b?
2
Let b(s) = 19*s + 19. What is the units digit of b(4)?
5
Let u(x) = -x**3 + 3*x**2 + 5*x + 2. Let f(w) = -2*w**3 + 6*w**2 + 11*w + 4. Let b(o) = -2*f(o) + 5*u(o). What is the tens digit of b(3)?
1
Suppose 14*d - 16*d + 104 = 0. What is the tens digit of d?
5
Let w(a) = -14*a**3 - a**2 - 4*a. Let l(h) = h**2 + h. Let d(j) = -3*l(j) - w(j). What is the tens digit of d(1)?
1
Let w = -17 - -14. What is the units digit of w/(-2 - (-21)/15)?
5
Suppose -6*d + 145 = -d. What is the tens digit of d?
2
Let u be ((-4)/5)/(2/(-5)). What is the units digit of (-99)/(-6) - 1/u?
6
Let z(k) = 9*k - 56. Let a(b) = -4*b + 28. Let h(l) = 7*a(l) + 3*z(l). Let f be h(0). Suppose f = 5*q - 7. What is the units digit of q?
7
Suppose 0 = 3*l + 2*h - 2, -2*l + 0*l + 8 = -2*h. Let f = -18 + 223. What is the tens digit of f/20 + l/(-8)?
1
Let s be ((-3)/9)/((-3)/18). Suppose -2*w + s = 5*u - 3*u, -5*u + 7 = 4*w. What is the units digit of (2 - 5)*2/w?
3
Let h(z) = 8*z**2 - 3*z + 1. Let f be h(3). Let k = -29 + f. Suppose 6*a - a = x - k, 0 = x - 2*a - 20. What is the tens digit of x?
1
Suppose -k + 225 = 4*k - 5*j, 140 = 3*k - 4*j. What is the tens digit of k?
4
Let l(p) = -p**2 - 8*p - 8. What is the units digit of l(-6)?
4
Let k be (2/(-5))/(3/(-15)). Suppose -37 = -3*v + y, 2*v + k*y = -0*y + 30. What is the tens digit of v?
1
Let g(v) = -4*v. Let u(y) = -4 + 5*y + 2 + 3. Let j(a) = 3*g(a) + 2*u(a). What is the units digit of j(-2)?
6
Let w = -5 - -8. Suppose -2*v - w*v + 140 = 0. What is the units digit of v?
8
Let z(j) = -j**2 + 11*j + 2. Let k be z(11). What is the tens digit of (-6 + 4)*-26 + k?
5
Let m(q) = q**2 - 8*q - 1. Suppose 0 = -0*y - 3*y + 12. Suppose -8*x + 36 = -y*x. What is the units digit of m(x)?
8
Suppose -2*w - 4 = 5*n + 3, 2*n + 5 = -3*w. What is the units digit of 40/(-15)*(-19 - w)?
8
Let s be 3/(-2)*(-24)/18. Let x(m) = m**3 + m**2 - m + 1. What is the units digit of x(s)?
1
Let j be 1/(-3) - 3/(-9). Suppose -3*u + 14 + 7 = j. What is the units digit of u?
7
Let w = 43 + -17. What is the units digit of w?
6
Suppose -3*q = -14 - 16. Let w = q + -5. Suppose -w*h + 4*b + 62 = b, 2*h = 5*b + 40. What is the units digit of h?
0
Let r(t) = -13 + 2 + 2*t + 2*t + 6. What is the tens digit of r(9)?
3
Suppose -3*m = -2*o + 12, 4*m - 2*o = 2*o - 16. Let p(l) be the third derivative of -l**4/8 - l**3/2 + l**2. What is the units digit of p(m)?
9
Let c(s) = -s - 7. Let d be c(-9). Let y = 4 - d. What is the units digit of y?
2
Let n(w) = 3*w**2 - 7*w - 13. What is the hundreds digit of n(8)?
1
Let g(p) = -p**3 - 11*p**2 - 2*p + 10. What is the tens digit of g(-11)?
3
Let m(t) = 3*t**2 - 3*t - 39. What is the units digit of m(8)?
9
Let q be 15*(1 - 2/5). Let f = 6 + q. What is the units digit of f?
5
Let k(b) = b**3 - 2*b**2 - b + 44. What is the tens digit of k(0)?
4
Suppose 3*f - 7 = 2. Let y = -2 - f. Let r(i) = -i**3 - 4*i**2 + 4*i - 2. What is the units digit of r(y)?
3
Let g(m) be the first derivative of -m**3/3 - 11*m**2/2 - 12*m - 4. What is the units digit of g(-8)?
2
Let u(j) = 2*j**2 + 3*j + 3. Let q be u(-7). Suppose c = 3*c - q. What is the units digit of c?
0
Let h(g) = -g - 2. Let t be h(-5). Suppose -q + t*q - 22 = 0. What is the units digit of q?
1
Let q(a) = a + 3. What is the units digit of q(5)?
8
Let g(b) = 14*b. Let t(a) = -a. Let p(x) = g(x) + 12*t(x). Let m be p(-1). Let v = 0 - m. What is the units digit of v?
2
Let w(f) be the second derivative of 3*f - 1/12*f**4 + 1/2*f**2 - 5/6*f**3 + 0. What is the units digit of w(-4)?
5
What is the tens digit of ((-192)/(-80))/((-2)/(-15))?
1
Suppose -4*u = -2 - 10. Suppose 3 = u*g - 2*g. What is the units digi